{"id":356,"date":"2024-11-18T11:18:52","date_gmt":"2024-11-18T11:18:52","guid":{"rendered":"https:\/\/btec-token.com\/?page_id=356"},"modified":"2025-01-01T15:02:38","modified_gmt":"2025-01-01T14:02:38","slug":"aktualnosci","status":"publish","type":"page","link":"https:\/\/btec-token.com\/index.php\/aktualnosci\/","title":{"rendered":"Aktualno\u015bci"},"content":{"rendered":"\t\t<div data-elementor-type=\"wp-page\" data-elementor-id=\"356\" class=\"elementor elementor-356\" data-elementor-post-type=\"page\">\n\t\t\t\t<div class=\"elementor-element elementor-element-410f1f5 e-flex e-con-boxed e-con e-parent\" data-id=\"410f1f5\" data-element_type=\"container\" data-e-type=\"container\" data-settings=\"{&quot;background_background&quot;:&quot;classic&quot;}\">\n\t\t\t\t\t<div class=\"e-con-inner\">\n\t\t\t\t<div class=\"elementor-element elementor-element-3057efc elementor-widget elementor-widget-spacer\" data-id=\"3057efc\" data-element_type=\"widget\" data-e-type=\"widget\" data-widget_type=\"spacer.default\">\n\t\t\t\t<div class=\"elementor-widget-container\">\n\t\t\t\t\t\t\t<div class=\"elementor-spacer\">\n\t\t\t<div class=\"elementor-spacer-inner\"><\/div>\n\t\t<\/div>\n\t\t\t\t\t\t<\/div>\n\t\t\t\t<\/div>\n\t\t\t\t\t<\/div>\n\t\t\t\t<\/div>\n\t\t<div class=\"elementor-element elementor-element-bb27f99 e-flex e-con-boxed e-con e-parent\" data-id=\"bb27f99\" data-element_type=\"container\" data-e-type=\"container\" data-settings=\"{&quot;background_background&quot;:&quot;classic&quot;}\">\n\t\t\t\t\t<div class=\"e-con-inner\">\n\t\t\t\t<div class=\"elementor-element elementor-element-94cd634 elementor-grid-1 e-transform e-transform elementor-grid-tablet-2 elementor-grid-mobile-1 elementor-posts--thumbnail-top elementor-posts--show-avatar elementor-card-shadow-yes elementor-posts__hover-gradient elementor-invisible elementor-widget elementor-widget-posts\" data-id=\"94cd634\" data-element_type=\"widget\" data-e-type=\"widget\" data-settings=\"{&quot;cards_columns&quot;:&quot;1&quot;,&quot;_animation&quot;:&quot;fadeIn&quot;,&quot;cards_columns_tablet&quot;:&quot;2&quot;,&quot;cards_columns_mobile&quot;:&quot;1&quot;,&quot;cards_row_gap&quot;:{&quot;unit&quot;:&quot;px&quot;,&quot;size&quot;:35,&quot;sizes&quot;:[]},&quot;cards_row_gap_tablet&quot;:{&quot;unit&quot;:&quot;px&quot;,&quot;size&quot;:&quot;&quot;,&quot;sizes&quot;:[]},&quot;cards_row_gap_mobile&quot;:{&quot;unit&quot;:&quot;px&quot;,&quot;size&quot;:&quot;&quot;,&quot;sizes&quot;:[]},&quot;_transform_scaleX_effect&quot;:{&quot;unit&quot;:&quot;px&quot;,&quot;size&quot;:&quot;&quot;,&quot;sizes&quot;:[]},&quot;_transform_scaleX_effect_tablet&quot;:{&quot;unit&quot;:&quot;px&quot;,&quot;size&quot;:&quot;&quot;,&quot;sizes&quot;:[]},&quot;_transform_scaleX_effect_mobile&quot;:{&quot;unit&quot;:&quot;px&quot;,&quot;size&quot;:&quot;&quot;,&quot;sizes&quot;:[]},&quot;_transform_scaleY_effect&quot;:{&quot;unit&quot;:&quot;px&quot;,&quot;size&quot;:&quot;&quot;,&quot;sizes&quot;:[]},&quot;_transform_scaleY_effect_tablet&quot;:{&quot;unit&quot;:&quot;px&quot;,&quot;size&quot;:&quot;&quot;,&quot;sizes&quot;:[]},&quot;_transform_scaleY_effect_mobile&quot;:{&quot;unit&quot;:&quot;px&quot;,&quot;size&quot;:&quot;&quot;,&quot;sizes&quot;:[]},&quot;_transform_scaleX_effect_hover&quot;:{&quot;unit&quot;:&quot;px&quot;,&quot;size&quot;:&quot;&quot;,&quot;sizes&quot;:[]},&quot;_transform_scaleX_effect_hover_tablet&quot;:{&quot;unit&quot;:&quot;px&quot;,&quot;size&quot;:&quot;&quot;,&quot;sizes&quot;:[]},&quot;_transform_scaleX_effect_hover_mobile&quot;:{&quot;unit&quot;:&quot;px&quot;,&quot;size&quot;:&quot;&quot;,&quot;sizes&quot;:[]},&quot;_transform_scaleY_effect_hover&quot;:{&quot;unit&quot;:&quot;px&quot;,&quot;size&quot;:&quot;&quot;,&quot;sizes&quot;:[]},&quot;_transform_scaleY_effect_hover_tablet&quot;:{&quot;unit&quot;:&quot;px&quot;,&quot;size&quot;:&quot;&quot;,&quot;sizes&quot;:[]},&quot;_transform_scaleY_effect_hover_mobile&quot;:{&quot;unit&quot;:&quot;px&quot;,&quot;size&quot;:&quot;&quot;,&quot;sizes&quot;:[]}}\" data-widget_type=\"posts.cards\">\n\t\t\t\t<div class=\"elementor-widget-container\">\n\t\t\t\t\t\t\t<div class=\"elementor-posts-container elementor-posts elementor-posts--skin-cards elementor-grid\">\n\t\t\t\t<article class=\"elementor-post elementor-grid-item post-1351 post type-post status-publish format-standard hentry category-uncategorized\">\n\t\t\t<div class=\"elementor-post__card\">\n\t\t\t\t<div class=\"elementor-post__text\">\n\t\t\t\t<h3 class=\"elementor-post__title\">\n\t\t\t<a href=\"https:\/\/btec-token.com\/index.php\/2025\/07\/23\/wielozadaniowy-pojazd-jak-z-powiesci-science-fiction\/\" >\n\t\t\t\tWielozadaniowy pojazd jak z powie\u015bci science fiction\t\t\t<\/a>\n\t\t<\/h3>\n\t\t\t\t<div class=\"elementor-post__excerpt\">\n\t\t\t\t\t<\/div>\n\t\t\t\t\t<div class=\"elementor-post__read-more-wrapper\">\n\t\t\n\t\t<a class=\"elementor-post__read-more\" href=\"https:\/\/btec-token.com\/index.php\/2025\/07\/23\/wielozadaniowy-pojazd-jak-z-powiesci-science-fiction\/\" aria-label=\"Read more about Wielozadaniowy pojazd jak z powie\u015bci science fiction\" tabindex=\"-1\" >\n\t\t\twi\u0119cej...\t\t<\/a>\n\n\t\t\t\t\t<\/div>\n\t\t\t\t<\/div>\n\t\t\t\t<div class=\"elementor-post__meta-data\">\n\t\t\t\t\t<span class=\"elementor-post-date\">\n\t\t\t2025-07-23\t\t<\/span>\n\t\t\t\t<\/div>\n\t\t\t\t\t<\/div>\n\t\t<\/article>\n\t\t\t\t<article class=\"elementor-post elementor-grid-item post-1334 post type-post status-publish format-standard hentry category-uncategorized\">\n\t\t\t<div class=\"elementor-post__card\">\n\t\t\t\t<div class=\"elementor-post__text\">\n\t\t\t\t<h3 class=\"elementor-post__title\">\n\t\t\t<a href=\"https:\/\/btec-token.com\/index.php\/2025\/05\/25\/finalne-przymiarki\/\" >\n\t\t\t\tFinalne przymiarki!\t\t\t<\/a>\n\t\t<\/h3>\n\t\t\t\t<div class=\"elementor-post__excerpt\">\n\t\t\t<p>Zbli\u017camy si\u0119 do kluczowego etapu budowy prototypu pojazdu BECCARII Po miesi\u0105cach intensywnych prac \u2014 projektowania, test\u00f3w oraz optymalizacji \u2014 z dum\u0105 informujemy, \u017ce pierwszy pe\u0142nowymiarowy<\/p>\n\t\t<\/div>\n\t\t\t\t\t<div class=\"elementor-post__read-more-wrapper\">\n\t\t\n\t\t<a class=\"elementor-post__read-more\" href=\"https:\/\/btec-token.com\/index.php\/2025\/05\/25\/finalne-przymiarki\/\" aria-label=\"Read more about Finalne przymiarki!\" tabindex=\"-1\" >\n\t\t\twi\u0119cej...\t\t<\/a>\n\n\t\t\t\t\t<\/div>\n\t\t\t\t<\/div>\n\t\t\t\t<div class=\"elementor-post__meta-data\">\n\t\t\t\t\t<span class=\"elementor-post-date\">\n\t\t\t2025-05-25\t\t<\/span>\n\t\t\t\t<\/div>\n\t\t\t\t\t<\/div>\n\t\t<\/article>\n\t\t\t\t<article class=\"elementor-post elementor-grid-item post-1305 post type-post status-publish format-standard hentry category-uncategorized\">\n\t\t\t<div class=\"elementor-post__card\">\n\t\t\t\t<div class=\"elementor-post__text\">\n\t\t\t\t<h3 class=\"elementor-post__title\">\n\t\t\t<a href=\"https:\/\/btec-token.com\/index.php\/2025\/05\/05\/trzeci-rok-programu-cashback\/\" >\n\t\t\t\tTRZECI ROK PROGRAMU CASHBACK\t\t\t<\/a>\n\t\t<\/h3>\n\t\t\t\t<div class=\"elementor-post__excerpt\">\n\t\t\t<p>Witajcie! Od 01.05.2025 startuje kolejny rok PROGRAMU LOJALNO\u015aCIOWEGO, kt\u00f3rego bud\u017cet w okresie od 01.05.2025 \u2013 30.04.2026 to r\u00f3wnowarto\u015b\u0107 8% przychod\u00f3w B-Technology Sp. z o.o w<\/p>\n\t\t<\/div>\n\t\t\t\t\t<div class=\"elementor-post__read-more-wrapper\">\n\t\t\n\t\t<a class=\"elementor-post__read-more\" href=\"https:\/\/btec-token.com\/index.php\/2025\/05\/05\/trzeci-rok-programu-cashback\/\" aria-label=\"Read more about TRZECI ROK PROGRAMU CASHBACK\" tabindex=\"-1\" >\n\t\t\twi\u0119cej...\t\t<\/a>\n\n\t\t\t\t\t<\/div>\n\t\t\t\t<\/div>\n\t\t\t\t<div class=\"elementor-post__meta-data\">\n\t\t\t\t\t<span class=\"elementor-post-date\">\n\t\t\t2025-05-05\t\t<\/span>\n\t\t\t\t<\/div>\n\t\t\t\t\t<\/div>\n\t\t<\/article>\n\t\t\t\t<article class=\"elementor-post elementor-grid-item post-1106 post type-post status-publish format-standard hentry category-uncategorized\">\n\t\t\t<div class=\"elementor-post__card\">\n\t\t\t\t<div class=\"elementor-post__text\">\n\t\t\t\t<h3 class=\"elementor-post__title\">\n\t\t\t<a href=\"https:\/\/btec-token.com\/index.php\/2024\/12\/31\/nowa-publikacja-naukowa-o-projekcie-becarii\/\" >\n\t\t\t\tNowa publikacja naukowa o projekcie BECARII!\t\t\t<\/a>\n\t\t<\/h3>\n\t\t\t\t<div class=\"elementor-post__excerpt\">\n\t\t\t<p>Nowa Publikacja Naukowa o Projekcie BECCARII!\u00a0 Z ogromn\u0105 rado\u015bci\u0105 informujemy, \u017ce w wyniku wsp\u00f3\u0142pracy z mi\u0119dzynarodowymi jednostkami badawczymi powsta\u0142a nowa publikacja naukowa, kt\u00f3ra podkre\u015bla unikalne<\/p>\n\t\t<\/div>\n\t\t\t\t\t<div class=\"elementor-post__read-more-wrapper\">\n\t\t\n\t\t<a class=\"elementor-post__read-more\" href=\"https:\/\/btec-token.com\/index.php\/2024\/12\/31\/nowa-publikacja-naukowa-o-projekcie-becarii\/\" aria-label=\"Read more about Nowa publikacja naukowa o projekcie BECARII!\" tabindex=\"-1\" >\n\t\t\twi\u0119cej...\t\t<\/a>\n\n\t\t\t\t\t<\/div>\n\t\t\t\t<\/div>\n\t\t\t\t<div class=\"elementor-post__meta-data\">\n\t\t\t\t\t<span class=\"elementor-post-date\">\n\t\t\t2024-12-31\t\t<\/span>\n\t\t\t\t<\/div>\n\t\t\t\t\t<\/div>\n\t\t<\/article>\n\t\t\t\t<article class=\"elementor-post elementor-grid-item post-1075 post type-post status-publish format-standard hentry category-uncategorized\">\n\t\t\t<div class=\"elementor-post__card\">\n\t\t\t\t<div class=\"elementor-post__text\">\n\t\t\t\t<h3 class=\"elementor-post__title\">\n\t\t\t<a href=\"https:\/\/btec-token.com\/index.php\/2024\/12\/07\/pobilismy-rekord\/\" >\n\t\t\t\tPobili\u015bmy rekord!\t\t\t<\/a>\n\t\t<\/h3>\n\t\t\t\t<div class=\"elementor-post__excerpt\">\n\t\t\t<p>W ostatnich 30 dniach osi\u0105gn\u0119li\u015bmy najwy\u017csz\u0105 warto\u015b\u0107 obrotu w tym roku \u2013 190 228,51 z\u0142! \ud83d\ude80 A to dopiero pocz\u0105tek, bo przed nami najwi\u0119ksza sprzeda\u017c<\/p>\n\t\t<\/div>\n\t\t\t\t\t<div class=\"elementor-post__read-more-wrapper\">\n\t\t\n\t\t<a class=\"elementor-post__read-more\" href=\"https:\/\/btec-token.com\/index.php\/2024\/12\/07\/pobilismy-rekord\/\" aria-label=\"Read more about Pobili\u015bmy rekord!\" tabindex=\"-1\" >\n\t\t\twi\u0119cej...\t\t<\/a>\n\n\t\t\t\t\t<\/div>\n\t\t\t\t<\/div>\n\t\t\t\t<div class=\"elementor-post__meta-data\">\n\t\t\t\t\t<span class=\"elementor-post-date\">\n\t\t\t2024-12-07\t\t<\/span>\n\t\t\t\t<\/div>\n\t\t\t\t\t<\/div>\n\t\t<\/article>\n\t\t\t\t<article class=\"elementor-post elementor-grid-item post-880 post type-post status-publish format-standard hentry category-uncategorized\">\n\t\t\t<div class=\"elementor-post__card\">\n\t\t\t\t<div class=\"elementor-post__text\">\n\t\t\t\t<h3 class=\"elementor-post__title\">\n\t\t\t<a href=\"https:\/\/btec-token.com\/index.php\/2024\/11\/28\/nowe-spojrzenie-na-becarii-aktualizacja-projektu-i-kilka-fotorealistycznych-wizualizacji\/\" >\n\t\t\t\tNowe Spojrzenie na BECARII: Aktualizacja Projektu i kilka Fotorealistycznych Wizualizacji\t\t\t<\/a>\n\t\t<\/h3>\n\t\t\t\t<div class=\"elementor-post__excerpt\">\n\t\t\t<p>Budujemy BTEC crypto-zasilany lataj\u0105cy samoch\u00f3d! \ud83d\ude97\u2708\ufe0f\ud83c\udf0a To ostatnie spojrzenie na projekt przed rozpocz\u0119ciem produkcji form oraz pozosta\u0142ych element\u00f3w pojazdu. Ka\u017cdy detal zosta\u0142 dopracowany, aby zapewni\u0107<\/p>\n\t\t<\/div>\n\t\t\t\t\t<div class=\"elementor-post__read-more-wrapper\">\n\t\t\n\t\t<a class=\"elementor-post__read-more\" href=\"https:\/\/btec-token.com\/index.php\/2024\/11\/28\/nowe-spojrzenie-na-becarii-aktualizacja-projektu-i-kilka-fotorealistycznych-wizualizacji\/\" aria-label=\"Read more about Nowe Spojrzenie na BECARII: Aktualizacja Projektu i kilka Fotorealistycznych Wizualizacji\" tabindex=\"-1\" >\n\t\t\twi\u0119cej...\t\t<\/a>\n\n\t\t\t\t\t<\/div>\n\t\t\t\t<\/div>\n\t\t\t\t<div class=\"elementor-post__meta-data\">\n\t\t\t\t\t<span class=\"elementor-post-date\">\n\t\t\t2024-11-28\t\t<\/span>\n\t\t\t\t<\/div>\n\t\t\t\t\t<\/div>\n\t\t<\/article>\n\t\t\t\t<article class=\"elementor-post elementor-grid-item post-779 post type-post status-publish format-standard hentry category-uncategorized\">\n\t\t\t<div class=\"elementor-post__card\">\n\t\t\t\t<div class=\"elementor-post__text\">\n\t\t\t\t<h3 class=\"elementor-post__title\">\n\t\t\t<a href=\"https:\/\/btec-token.com\/index.php\/2024\/09\/22\/nowy-wyglad-pojazdu-beccarii\/\" >\n\t\t\t\tNowy wygl\u0105d pojazdu BECCARII\t\t\t<\/a>\n\t\t<\/h3>\n\t\t\t\t<div class=\"elementor-post__excerpt\">\n\t\t\t<p>Prace nad BECCARII id\u0105 pe\u0142n\u0105 par\u0105 i wszystko wygl\u0105da naprawd\u0119 obiecuj\u0105co! \ud83d\udcaaPoni\u017cej wrzucam kilka fotek z aktualnego modelu \u2013 mamy nadziej\u0119, \u017ce Wam si\u0119 spodoba.<\/p>\n\t\t<\/div>\n\t\t\t\t\t<div class=\"elementor-post__read-more-wrapper\">\n\t\t\n\t\t<a class=\"elementor-post__read-more\" href=\"https:\/\/btec-token.com\/index.php\/2024\/09\/22\/nowy-wyglad-pojazdu-beccarii\/\" aria-label=\"Read more about Nowy wygl\u0105d pojazdu BECCARII\" tabindex=\"-1\" >\n\t\t\twi\u0119cej...\t\t<\/a>\n\n\t\t\t\t\t<\/div>\n\t\t\t\t<\/div>\n\t\t\t\t<div class=\"elementor-post__meta-data\">\n\t\t\t\t\t<span class=\"elementor-post-date\">\n\t\t\t2024-09-22\t\t<\/span>\n\t\t\t\t<\/div>\n\t\t\t\t\t<\/div>\n\t\t<\/article>\n\t\t\t\t<article class=\"elementor-post elementor-grid-item post-427 post type-post status-publish format-standard hentry category-uncategorized\">\n\t\t\t<div class=\"elementor-post__card\">\n\t\t\t\t<div class=\"elementor-post__text\">\n\t\t\t\t<h3 class=\"elementor-post__title\">\n\t\t\t<a href=\"https:\/\/btec-token.com\/index.php\/2023\/04\/30\/drugi-rok-programu-cashback\/\" >\n\t\t\t\tDRUGI ROK PROGRAMU CASHBACK\t\t\t<\/a>\n\t\t<\/h3>\n\t\t\t\t<div class=\"elementor-post__excerpt\">\n\t\t\t<p>Witajcie! Ju\u017c jutro w dniu 01.05.2023 rozpoczynamy DRUGI rok programu CASHBACK w oparciu o Proof-of-Stake, kt\u00f3rego bud\u017cet wynosi tak\u017ce 495\u00a0000,00 z! Program CASHBACK jest realizowany<\/p>\n\t\t<\/div>\n\t\t\t\t\t<div class=\"elementor-post__read-more-wrapper\">\n\t\t\n\t\t<a class=\"elementor-post__read-more\" href=\"https:\/\/btec-token.com\/index.php\/2023\/04\/30\/drugi-rok-programu-cashback\/\" aria-label=\"Read more about DRUGI ROK PROGRAMU CASHBACK\" tabindex=\"-1\" >\n\t\t\twi\u0119cej...\t\t<\/a>\n\n\t\t\t\t\t<\/div>\n\t\t\t\t<\/div>\n\t\t\t\t<div class=\"elementor-post__meta-data\">\n\t\t\t\t\t<span class=\"elementor-post-date\">\n\t\t\t2023-04-30\t\t<\/span>\n\t\t\t\t<\/div>\n\t\t\t\t\t<\/div>\n\t\t<\/article>\n\t\t\t\t<article class=\"elementor-post elementor-grid-item post-467 post type-post status-publish format-standard hentry category-uncategorized\">\n\t\t\t<div class=\"elementor-post__card\">\n\t\t\t\t<div class=\"elementor-post__text\">\n\t\t\t\t<h3 class=\"elementor-post__title\">\n\t\t\t<a href=\"https:\/\/btec-token.com\/index.php\/2023\/02\/26\/polski-samochod-latajacy-i-token-btec-na-gieldzie-kryptowalut-kanga-aktualizacja-17-11-2022\/\" >\n\t\t\t\tPolski Samoch\u00f3d lataj\u0105cy i token BTEC na gie\u0142dzie kryptowalut KANGA Aktualizacja 17.11.2022\t\t\t<\/a>\n\t\t<\/h3>\n\t\t\t\t<div class=\"elementor-post__excerpt\">\n\t\t\t\t\t<\/div>\n\t\t\t\t\t<div class=\"elementor-post__read-more-wrapper\">\n\t\t\n\t\t<a class=\"elementor-post__read-more\" href=\"https:\/\/btec-token.com\/index.php\/2023\/02\/26\/polski-samochod-latajacy-i-token-btec-na-gieldzie-kryptowalut-kanga-aktualizacja-17-11-2022\/\" aria-label=\"Read more about Polski Samoch\u00f3d lataj\u0105cy i token BTEC na gie\u0142dzie kryptowalut KANGA Aktualizacja 17.11.2022\" tabindex=\"-1\" >\n\t\t\twi\u0119cej...\t\t<\/a>\n\n\t\t\t\t\t<\/div>\n\t\t\t\t<\/div>\n\t\t\t\t<div class=\"elementor-post__meta-data\">\n\t\t\t\t\t<span class=\"elementor-post-date\">\n\t\t\t2023-02-26\t\t<\/span>\n\t\t\t\t<\/div>\n\t\t\t\t\t<\/div>\n\t\t<\/article>\n\t\t\t\t<article class=\"elementor-post elementor-grid-item post-437 post type-post status-publish format-standard hentry category-uncategorized\">\n\t\t\t<div class=\"elementor-post__card\">\n\t\t\t\t<div class=\"elementor-post__text\">\n\t\t\t\t<h3 class=\"elementor-post__title\">\n\t\t\t<a href=\"https:\/\/btec-token.com\/index.php\/2023\/02\/26\/budujemy-polski-samochod-latajacy-2-ruszyly-prace-w-nowej-fabryce\/\" >\n\t\t\t\tBudujemy Polski samoch\u00f3d lataj\u0105cy #2 Ruszy\u0142y prace w nowej fabryce!\t\t\t<\/a>\n\t\t<\/h3>\n\t\t\t\t<div class=\"elementor-post__excerpt\">\n\t\t\t\t\t<\/div>\n\t\t\t\t\t<div class=\"elementor-post__read-more-wrapper\">\n\t\t\n\t\t<a class=\"elementor-post__read-more\" href=\"https:\/\/btec-token.com\/index.php\/2023\/02\/26\/budujemy-polski-samochod-latajacy-2-ruszyly-prace-w-nowej-fabryce\/\" aria-label=\"Read more about Budujemy Polski samoch\u00f3d lataj\u0105cy #2 Ruszy\u0142y prace w nowej fabryce!\" tabindex=\"-1\" >\n\t\t\twi\u0119cej...\t\t<\/a>\n\n\t\t\t\t\t<\/div>\n\t\t\t\t<\/div>\n\t\t\t\t<div class=\"elementor-post__meta-data\">\n\t\t\t\t\t<span class=\"elementor-post-date\">\n\t\t\t2023-02-26\t\t<\/span>\n\t\t\t\t<\/div>\n\t\t\t\t\t<\/div>\n\t\t<\/article>\n\t\t\t\t<article class=\"elementor-post elementor-grid-item post-482 post type-post status-publish format-standard hentry category-uncategorized\">\n\t\t\t<div class=\"elementor-post__card\">\n\t\t\t\t<div class=\"elementor-post__text\">\n\t\t\t\t<h3 class=\"elementor-post__title\">\n\t\t\t<a href=\"https:\/\/btec-token.com\/index.php\/2022\/08\/20\/polski-samochod-latajacy-pionowego-startu-powstaje-dzieki-bitcoinowi\/\" >\n\t\t\t\tPOLSKI Samoch\u00f3d lataj\u0105cy pionowego startu powstaje dzi\u0119ki BITCOINOWI\t\t\t<\/a>\n\t\t<\/h3>\n\t\t\t\t<div class=\"elementor-post__excerpt\">\n\t\t\t\t\t<\/div>\n\t\t\t\t\t<div class=\"elementor-post__read-more-wrapper\">\n\t\t\n\t\t<a class=\"elementor-post__read-more\" href=\"https:\/\/btec-token.com\/index.php\/2022\/08\/20\/polski-samochod-latajacy-pionowego-startu-powstaje-dzieki-bitcoinowi\/\" aria-label=\"Read more about POLSKI Samoch\u00f3d lataj\u0105cy pionowego startu powstaje dzi\u0119ki BITCOINOWI\" tabindex=\"-1\" >\n\t\t\twi\u0119cej...\t\t<\/a>\n\n\t\t\t\t\t<\/div>\n\t\t\t\t<\/div>\n\t\t\t\t<div class=\"elementor-post__meta-data\">\n\t\t\t\t\t<span class=\"elementor-post-date\">\n\t\t\t2022-08-20\t\t<\/span>\n\t\t\t\t<\/div>\n\t\t\t\t\t<\/div>\n\t\t<\/article>\n\t\t\t\t<article class=\"elementor-post elementor-grid-item post-473 post type-post status-publish format-standard hentry category-uncategorized\">\n\t\t\t<div class=\"elementor-post__card\">\n\t\t\t\t<div class=\"elementor-post__text\">\n\t\t\t\t<h3 class=\"elementor-post__title\">\n\t\t\t<a href=\"https:\/\/btec-token.com\/index.php\/2022\/07\/28\/kryptowaluta-btec-czy-warto-inwestowac\/\" >\n\t\t\t\tKryptowaluta BTEC czy warto inwestowa\u0107?\t\t\t<\/a>\n\t\t<\/h3>\n\t\t\t\t<div class=\"elementor-post__excerpt\">\n\t\t\t\t\t<\/div>\n\t\t\t\t\t<div class=\"elementor-post__read-more-wrapper\">\n\t\t\n\t\t<a class=\"elementor-post__read-more\" href=\"https:\/\/btec-token.com\/index.php\/2022\/07\/28\/kryptowaluta-btec-czy-warto-inwestowac\/\" aria-label=\"Read more about Kryptowaluta BTEC czy warto inwestowa\u0107?\" tabindex=\"-1\" >\n\t\t\twi\u0119cej...\t\t<\/a>\n\n\t\t\t\t\t<\/div>\n\t\t\t\t<\/div>\n\t\t\t\t<div class=\"elementor-post__meta-data\">\n\t\t\t\t\t<span class=\"elementor-post-date\">\n\t\t\t2022-07-28\t\t<\/span>\n\t\t\t\t<\/div>\n\t\t\t\t\t<\/div>\n\t\t<\/article>\n\t\t\t\t<\/div>\n\t\t\n\t\t\t\t\t\t<\/div>\n\t\t\t\t<\/div>\n\t\t\t\t\t<\/div>\n\t\t\t\t<\/div>\n\t\t<div class=\"elementor-element elementor-element-f52f6c8 e-flex e-con-boxed e-con e-parent\" data-id=\"f52f6c8\" data-element_type=\"container\" data-e-type=\"container\" data-settings=\"{&quot;background_background&quot;:&quot;classic&quot;}\">\n\t\t\t\t\t<div class=\"e-con-inner\">\n\t\t\t\t<div class=\"elementor-element elementor-element-113c60e elementor-widget elementor-widget-spacer\" data-id=\"113c60e\" data-element_type=\"widget\" data-e-type=\"widget\" data-widget_type=\"spacer.default\">\n\t\t\t\t<div class=\"elementor-widget-container\">\n\t\t\t\t\t\t\t<div class=\"elementor-spacer\">\n\t\t\t<div class=\"elementor-spacer-inner\"><\/div>\n\t\t<\/div>\n\t\t\t\t\t\t<\/div>\n\t\t\t\t<\/div>\n\t\t\t\t\t<\/div>\n\t\t\t\t<\/div>\n\t\t\t\t<\/div>\n\t\t","protected":false},"excerpt":{"rendered":"","protected":false},"author":1,"featured_media":0,"parent":0,"menu_order":0,"comment_status":"closed","ping_status":"closed","template":"","meta":{"footnotes":""},"class_list":["post-356","page","type-page","status-publish","hentry"],"_links":{"self":[{"href":"https:\/\/btec-token.com\/index.php\/wp-json\/wp\/v2\/pages\/356","targetHints":{"allow":["GET"]}}],"collection":[{"href":"https:\/\/btec-token.com\/index.php\/wp-json\/wp\/v2\/pages"}],"about":[{"href":"https:\/\/btec-token.com\/index.php\/wp-json\/wp\/v2\/types\/page"}],"author":[{"embeddable":true,"href":"https:\/\/btec-token.com\/index.php\/wp-json\/wp\/v2\/users\/1"}],"replies":[{"embeddable":true,"href":"https:\/\/btec-token.com\/index.php\/wp-json\/wp\/v2\/comments?post=356"}],"version-history":[{"count":55,"href":"https:\/\/btec-token.com\/index.php\/wp-json\/wp\/v2\/pages\/356\/revisions"}],"predecessor-version":[{"id":1295,"href":"https:\/\/btec-token.com\/index.php\/wp-json\/wp\/v2\/pages\/356\/revisions\/1295"}],"wp:attachment":[{"href":"https:\/\/btec-token.com\/index.php\/wp-json\/wp\/v2\/media?parent=356"}],"curies":[{"name":"wp","href":"https:\/\/api.w.org\/{rel}","templated":true}]}}